{"id":67,"date":"2020-11-02T21:24:20","date_gmt":"2020-11-02T20:24:20","guid":{"rendered":"http:\/\/e108046.easyhosting.at\/?page_id=67"},"modified":"2022-08-31T13:58:26","modified_gmt":"2022-08-31T11:58:26","slug":"00_home","status":"publish","type":"page","link":"https:\/\/website.rc-awr.at\/","title":{"rendered":"Home"},"content":{"rendered":"<h1 style=\"text-align: center;\"><strong>+ AKTUELLE BEITR\u00c4GE &amp; BERICHTE+<br \/>\n<\/strong><\/h1>\n<p>&nbsp;<\/p>\n<div class=\"pt-cv-wrapper\"><div class=\"pt-cv-view pt-cv-grid pt-cv-colsys\" id=\"pt-cv-view-8ff2af9ixd\"><div data-id=\"pt-cv-page-1\" class=\"pt-cv-page\" data-cvc=\"1\"><div class=\"col-md-12 col-sm-12 col-xs-12 pt-cv-content-item pt-cv-2-col\" ><div class='pt-cv-ifield'><a href=\"https:\/\/website.rc-awr.at\/?p=1362\" class=\"_blank pt-cv-href-thumbnail pt-cv-thumb-left\" target=\"_blank\" ><img width=\"300\" height=\"225\" src=\"https:\/\/website.rc-awr.at\/wp-content\/uploads\/2022\/12\/AB_Boeheim_01-300x225.jpg\" class=\"pt-cv-thumbnail pull-left\" alt=\"\" decoding=\"async\" loading=\"lazy\" srcset=\"https:\/\/website.rc-awr.at\/wp-content\/uploads\/2022\/12\/AB_Boeheim_01-300x225.jpg 300w, https:\/\/website.rc-awr.at\/wp-content\/uploads\/2022\/12\/AB_Boeheim_01-1024x768.jpg 1024w, https:\/\/website.rc-awr.at\/wp-content\/uploads\/2022\/12\/AB_Boeheim_01-768x576.jpg 768w, https:\/\/website.rc-awr.at\/wp-content\/uploads\/2022\/12\/AB_Boeheim_01-1536x1152.jpg 1536w, https:\/\/website.rc-awr.at\/wp-content\/uploads\/2022\/12\/AB_Boeheim_01-800x600.jpg 800w, https:\/\/website.rc-awr.at\/wp-content\/uploads\/2022\/12\/AB_Boeheim_01.jpg 1600w\" sizes=\"(max-width: 300px) 100vw, 300px\" \/><\/a>\n<div class=\"pt-cv-colwrap\"><h4 class=\"pt-cv-title\"><a href=\"https:\/\/website.rc-awr.at\/?p=1362\" class=\"_blank\" target=\"_blank\" >Crossrennen B\u00f6heimkirchen<\/a><\/h4><div class=\"pt-cv-content\">Vergangenen Sonntag (27.11.2022) fand wieder ein CX Rennen statt, diesmal in B\u00f6heimkirchen. F\u00fcr die AWR Fahrer Bernhard Artenjak und Wolfgang Lackner war das Ergebnis leider weniger erfolgreich. Wolfgang musste wenige Minuten nach Start wegen Reifendefekt das Rennen abbrechen und Bernhard war nicht nur gesundheitlich angeschlagen, ihm blockierte die Kette das ...<br \/><a href=\"https:\/\/website.rc-awr.at\/?p=1362\" class=\"_blank pt-cv-readmore btn btn-success\" target=\"_blank\">Weiterlesen \u2026<\/a><\/div><\/div><\/div><\/div>\n<div class=\"col-md-12 col-sm-12 col-xs-12 pt-cv-content-item pt-cv-2-col\" ><div class='pt-cv-ifield'><a href=\"https:\/\/website.rc-awr.at\/?p=1353\" class=\"_blank pt-cv-href-thumbnail pt-cv-thumb-left\" target=\"_blank\" ><img width=\"300\" height=\"200\" src=\"https:\/\/website.rc-awr.at\/wp-content\/uploads\/2022\/11\/Wels_02-300x200.jpg\" class=\"pt-cv-thumbnail pull-left\" alt=\"\" decoding=\"async\" loading=\"lazy\" srcset=\"https:\/\/website.rc-awr.at\/wp-content\/uploads\/2022\/11\/Wels_02-300x200.jpg 300w, https:\/\/website.rc-awr.at\/wp-content\/uploads\/2022\/11\/Wels_02-1024x682.jpg 1024w, https:\/\/website.rc-awr.at\/wp-content\/uploads\/2022\/11\/Wels_02-768x512.jpg 768w, https:\/\/website.rc-awr.at\/wp-content\/uploads\/2022\/11\/Wels_02-1536x1023.jpg 1536w, https:\/\/website.rc-awr.at\/wp-content\/uploads\/2022\/11\/Wels_02.jpg 1600w\" sizes=\"(max-width: 300px) 100vw, 300px\" \/><\/a>\n<div class=\"pt-cv-colwrap\"><h4 class=\"pt-cv-title\"><a href=\"https:\/\/website.rc-awr.at\/?p=1353\" class=\"_blank\" target=\"_blank\" >Crossrennen Wels<\/a><\/h4><div class=\"pt-cv-content\">Nach einer zweiw\u00f6chigen Rennpause ging es in Ober\u00f6sterreich zum Start in die zweite H\u00e4lfte der Cyclocross Saison. Am Freizeitgel\u00e4nde bei Wimpassing war ein anspruchsvoller Kurs zu bew\u00e4ltigen und das Wetter an den Tagen zuvor hat die Fahrbedingungen erheblich erschwert. Unter den 70 Teilnehmern nahm vom RC-AWR nur Bernhard Artenjak die ...<br \/><a href=\"https:\/\/website.rc-awr.at\/?p=1353\" class=\"_blank pt-cv-readmore btn btn-success\" target=\"_blank\">Weiterlesen \u2026<\/a><\/div><\/div><\/div><\/div>\n<div class=\"col-md-12 col-sm-12 col-xs-12 pt-cv-content-item pt-cv-2-col\" ><div class='pt-cv-ifield'><a href=\"https:\/\/website.rc-awr.at\/?p=1339\" class=\"_blank pt-cv-href-thumbnail pt-cv-thumb-left\" target=\"_blank\" ><img width=\"300\" height=\"200\" src=\"https:\/\/website.rc-awr.at\/wp-content\/uploads\/2022\/11\/312466128_568567781936227_6298493704855603941_n-300x200.jpg\" class=\"pt-cv-thumbnail pull-left\" alt=\"\" decoding=\"async\" loading=\"lazy\" srcset=\"https:\/\/website.rc-awr.at\/wp-content\/uploads\/2022\/11\/312466128_568567781936227_6298493704855603941_n-300x200.jpg 300w, https:\/\/website.rc-awr.at\/wp-content\/uploads\/2022\/11\/312466128_568567781936227_6298493704855603941_n-1024x683.jpg 1024w, https:\/\/website.rc-awr.at\/wp-content\/uploads\/2022\/11\/312466128_568567781936227_6298493704855603941_n-768x512.jpg 768w, https:\/\/website.rc-awr.at\/wp-content\/uploads\/2022\/11\/312466128_568567781936227_6298493704855603941_n-1536x1024.jpg 1536w, https:\/\/website.rc-awr.at\/wp-content\/uploads\/2022\/11\/312466128_568567781936227_6298493704855603941_n.jpg 2048w\" sizes=\"(max-width: 300px) 100vw, 300px\" \/><\/a>\n<div class=\"pt-cv-colwrap\"><h4 class=\"pt-cv-title\"><a href=\"https:\/\/website.rc-awr.at\/?p=1339\" class=\"_blank\" target=\"_blank\" >Crossrennen St. P\u00f6lten Kaiserwald<\/a><\/h4><div class=\"pt-cv-content\">Am 30.10.2022 fand in St.P\u00f6lten das Querfeldein Trainingsrennen im Kaiserwald statt. In Wien noch Nebel aber in St. P\u00f6lten sch\u00f6nes Wetter. Wenigstens ein netter Abschluss der nun schon sehr langen, anstregenden Saison. Das Rennen diesmal vom Parcour her etwas anders als das Kraftwerkscross. Die Kurssetzer fanden viele Kurven auf den ...<br \/><a href=\"https:\/\/website.rc-awr.at\/?p=1339\" class=\"_blank pt-cv-readmore btn btn-success\" target=\"_blank\">Weiterlesen \u2026<\/a><\/div><\/div><\/div><\/div>\n<div class=\"col-md-12 col-sm-12 col-xs-12 pt-cv-content-item pt-cv-2-col\" ><div class='pt-cv-ifield'><a href=\"https:\/\/website.rc-awr.at\/?p=1309\" class=\"_blank pt-cv-href-thumbnail pt-cv-thumb-left\" target=\"_blank\" ><img width=\"300\" height=\"200\" src=\"https:\/\/website.rc-awr.at\/wp-content\/uploads\/2022\/10\/KWXso_05-300x200.jpg\" class=\"pt-cv-thumbnail pull-left\" alt=\"\" decoding=\"async\" loading=\"lazy\" srcset=\"https:\/\/website.rc-awr.at\/wp-content\/uploads\/2022\/10\/KWXso_05-300x200.jpg 300w, https:\/\/website.rc-awr.at\/wp-content\/uploads\/2022\/10\/KWXso_05-1024x683.jpg 1024w, https:\/\/website.rc-awr.at\/wp-content\/uploads\/2022\/10\/KWXso_05-768x512.jpg 768w, https:\/\/website.rc-awr.at\/wp-content\/uploads\/2022\/10\/KWXso_05-1536x1024.jpg 1536w, https:\/\/website.rc-awr.at\/wp-content\/uploads\/2022\/10\/KWXso_05.jpg 1600w\" sizes=\"(max-width: 300px) 100vw, 300px\" \/><\/a>\n<div class=\"pt-cv-colwrap\"><h4 class=\"pt-cv-title\"><a href=\"https:\/\/website.rc-awr.at\/?p=1309\" class=\"_blank\" target=\"_blank\" >Kraftwerkscross 2022<\/a><\/h4><div class=\"pt-cv-content\">Unser gf. Obmann Josef Meyer l\u00e4\u00dft das anstrengende Wochenende des diesj\u00e4hrigen Kraftwerkscross Revue passieren: Das KWX Wochenende habe ich von unterschiedlichen Seiten erlebt, hier meine Eindr\u00fccke: Als VERANSTALTER beim Aufbau der Strecke, vom Anzeichnen, Stecken setzen, Absperrb\u00e4nder spannen, Gitter aufstellen, Transparente platzieren und die Infrastruktur aufbauen. Als ZUSEHER am Samstag, ...<br \/><a href=\"https:\/\/website.rc-awr.at\/?p=1309\" class=\"_blank pt-cv-readmore btn btn-success\" target=\"_blank\">Weiterlesen \u2026<\/a><\/div><\/div><\/div><\/div>\n<div class=\"col-md-12 col-sm-12 col-xs-12 pt-cv-content-item pt-cv-2-col\" ><div class='pt-cv-ifield'><a href=\"https:\/\/website.rc-awr.at\/?p=1305\" class=\"_blank pt-cv-href-thumbnail pt-cv-thumb-left\" target=\"_blank\" ><img width=\"300\" height=\"200\" src=\"https:\/\/website.rc-awr.at\/wp-content\/uploads\/2022\/10\/KWXs_01-300x200.jpg\" class=\"pt-cv-thumbnail pull-left\" alt=\"\" decoding=\"async\" loading=\"lazy\" srcset=\"https:\/\/website.rc-awr.at\/wp-content\/uploads\/2022\/10\/KWXs_01-300x200.jpg 300w, https:\/\/website.rc-awr.at\/wp-content\/uploads\/2022\/10\/KWXs_01-1024x683.jpg 1024w, https:\/\/website.rc-awr.at\/wp-content\/uploads\/2022\/10\/KWXs_01-768x512.jpg 768w, https:\/\/website.rc-awr.at\/wp-content\/uploads\/2022\/10\/KWXs_01-1536x1024.jpg 1536w, https:\/\/website.rc-awr.at\/wp-content\/uploads\/2022\/10\/KWXs_01.jpg 1600w\" sizes=\"(max-width: 300px) 100vw, 300px\" \/><\/a>\n<div class=\"pt-cv-colwrap\"><h4 class=\"pt-cv-title\"><a href=\"https:\/\/website.rc-awr.at\/?p=1305\" class=\"_blank\" target=\"_blank\" >AWR KM 2022 Finale &#8211; Crossrennen<\/a><\/h4><div class=\"pt-cv-content\">Nach zwei anstrengen Tagen f\u00fcr das Aufbauteam des Kraftwerkscross 2022 wurde am Freitag, den 21.10. um 15:30 das letzte Rennen der diesj\u00e4hrigen Klubmeisterschaft gestartet. Diesmal hielt sich die Teilnehmerschar leider wieder in Grenzen. Sechs Herren und eine Dame nahmen den von Richard gestecktem Parcours in Angriff. Der auch als Probegalopp ...<br \/><a href=\"https:\/\/website.rc-awr.at\/?p=1305\" class=\"_blank pt-cv-readmore btn btn-success\" target=\"_blank\">Weiterlesen \u2026<\/a><\/div><\/div><\/div><\/div><\/div><\/div>\n<div class=\" pt-cv-pagination-wrapper\"><ul class=\"pt-cv-pagination pt-cv-ajax pagination\" data-totalpages=\"19\" data-currentpage=\"1\" data-sid=\"8ff2af9ixd\" data-unid=\"\"><li class=\"active\"><a href=\"#\">1<\/a><\/li>\n\t<li ><a class=\"\" href=\"https:\/\/website.rc-awr.at\/index.php\/?_page=2&#038;rest_route=%2Fwp%2Fv2%2Fpages%2F67\">2<\/a><\/li>\n\t<li ><a class=\"\" href=\"https:\/\/website.rc-awr.at\/index.php\/?_page=3&#038;rest_route=%2Fwp%2Fv2%2Fpages%2F67\">3<\/a><\/li>\n\t<li ><a href=\"#\">&hellip;<\/a><\/li>\n\t<li ><a class=\"\" href=\"https:\/\/website.rc-awr.at\/index.php\/?_page=19&#038;rest_route=%2Fwp%2Fv2%2Fpages%2F67\">19<\/a><\/li>\n\t<li ><a class=\" \" href=\"https:\/\/website.rc-awr.at\/index.php\/?_page=2&#038;rest_route=%2Fwp%2Fv2%2Fpages%2F67\">&rsaquo;<\/a><\/li>\n\t<\/ul><img width=\"15\" height=\"15\" class=\"pt-cv-spinner\" alt=\"Wird geladen...\" src=\"data:image\/gif;base64,R0lGODlhDwAPALMPAMrKygwMDJOTkz09PZWVla+vr3p6euTk5M7OzuXl5TMzMwAAAJmZmWZmZszMzP\/\/\/yH\/C05FVFNDQVBFMi4wAwEAAAAh+QQFCgAPACwAAAAADwAPAAAEQvDJaZaZOIcV8iQK8VRX4iTYoAwZ4iCYoAjZ4RxejhVNoT+mRGP4cyF4Pp0N98sBGIBMEMOotl6YZ3S61Bmbkm4mAgAh+QQFCgAPACwAAAAADQANAAAENPDJSRSZeA418itN8QiK8BiLITVsFiyBBIoYqnoewAD4xPw9iY4XLGYSjkQR4UAUD45DLwIAIfkEBQoADwAsAAAAAA8ACQAABC\/wyVlamTi3nSdgwFNdhEJgTJoNyoB9ISYoQmdjiZPcj7EYCAeCF1gEDo4Dz2eIAAAh+QQFCgAPACwCAAAADQANAAAEM\/DJBxiYeLKdX3IJZT1FU0iIg2RNKx3OkZVnZ98ToRD4MyiDnkAh6BkNC0MvsAj0kMpHBAAh+QQFCgAPACwGAAAACQAPAAAEMDC59KpFDll73HkAA2wVY5KgiK5b0RRoI6MuzG6EQqCDMlSGheEhUAgqgUUAFRySIgAh+QQFCgAPACwCAAIADQANAAAEM\/DJKZNLND\/kkKaHc3xk+QAMYDKsiaqmZCxGVjSFFCxB1vwy2oOgIDxuucxAMTAJFAJNBAAh+QQFCgAPACwAAAYADwAJAAAEMNAs86q1yaWwwv2Ig0jUZx3OYa4XoRAfwADXoAwfo1+CIjyFRuEho60aSNYlOPxEAAAh+QQFCgAPACwAAAIADQANAAAENPA9s4y8+IUVcqaWJ4qEQozSoAzoIyhCK2NFU2SJk0hNnyEOhKR2AzAAj4Pj4GE4W0bkJQIAOw==\" \/><div class=\"clear pt-cv-clear-pagination\"><\/div><\/div><\/div>\n","protected":false},"excerpt":{"rendered":"<p>+ AKTUELLE BEITR&Auml;GE &amp; BERICHTE+ &nbsp;<\/p>\n","protected":false},"author":1,"featured_media":0,"parent":0,"menu_order":0,"comment_status":"closed","ping_status":"closed","template":"","meta":[],"_links":{"self":[{"href":"https:\/\/website.rc-awr.at\/index.php?rest_route=\/wp\/v2\/pages\/67"}],"collection":[{"href":"https:\/\/website.rc-awr.at\/index.php?rest_route=\/wp\/v2\/pages"}],"about":[{"href":"https:\/\/website.rc-awr.at\/index.php?rest_route=\/wp\/v2\/types\/page"}],"author":[{"embeddable":true,"href":"https:\/\/website.rc-awr.at\/index.php?rest_route=\/wp\/v2\/users\/1"}],"replies":[{"embeddable":true,"href":"https:\/\/website.rc-awr.at\/index.php?rest_route=%2Fwp%2Fv2%2Fcomments&post=67"}],"version-history":[{"count":6,"href":"https:\/\/website.rc-awr.at\/index.php?rest_route=\/wp\/v2\/pages\/67\/revisions"}],"predecessor-version":[{"id":721,"href":"https:\/\/website.rc-awr.at\/index.php?rest_route=\/wp\/v2\/pages\/67\/revisions\/721"}],"wp:attachment":[{"href":"https:\/\/website.rc-awr.at\/index.php?rest_route=%2Fwp%2Fv2%2Fmedia&parent=67"}],"curies":[{"name":"wp","href":"https:\/\/api.w.org\/{rel}","templated":true}]}}

<h1 style="text-align: center;"><strong>+ AKTUELLE BEITRÄGE &amp; BERICHTE+<br />
</strong></h1>
<p>&nbsp;</p>
<div class="pt-cv-wrapper"><div class="pt-cv-view pt-cv-grid pt-cv-colsys" id="pt-cv-view-8ff2af9ixd"><div data-id="pt-cv-page-1" class="pt-cv-page" data-cvc="1"><div class="col-md-12 col-sm-12 col-xs-12 pt-cv-content-item pt-cv-2-col" ><div class='pt-cv-ifield'><a href="https://website.rc-awr.at/?p=1362" class="_blank pt-cv-href-thumbnail pt-cv-thumb-left" target="_blank" ><img width="300" height="225" src="https://website.rc-awr.at/wp-content/uploads/2022/12/AB_Boeheim_01-300x225.jpg" class="pt-cv-thumbnail pull-left" alt="" decoding="async" loading="lazy" srcset="https://website.rc-awr.at/wp-content/uploads/2022/12/AB_Boeheim_01-300x225.jpg 300w, https://website.rc-awr.at/wp-content/uploads/2022/12/AB_Boeheim_01-1024x768.jpg 1024w, https://website.rc-awr.at/wp-content/uploads/2022/12/AB_Boeheim_01-768x576.jpg 768w, https://website.rc-awr.at/wp-content/uploads/2022/12/AB_Boeheim_01-1536x1152.jpg 1536w, https://website.rc-awr.at/wp-content/uploads/2022/12/AB_Boeheim_01-800x600.jpg 800w, https://website.rc-awr.at/wp-content/uploads/2022/12/AB_Boeheim_01.jpg 1600w" sizes="(max-width: 300px) 100vw, 300px" /></a>
<div class="pt-cv-colwrap"><h4 class="pt-cv-title"><a href="https://website.rc-awr.at/?p=1362" class="_blank" target="_blank" >Crossrennen Böheimkirchen</a></h4><div class="pt-cv-content">Vergangenen Sonntag (27.11.2022) fand wieder ein CX Rennen statt, diesmal in Böheimkirchen. Für die AWR Fahrer Bernhard Artenjak und Wolfgang Lackner war das Ergebnis leider weniger erfolgreich. Wolfgang musste wenige Minuten nach Start wegen Reifendefekt das Rennen abbrechen und Bernhard war nicht nur gesundheitlich angeschlagen, ihm blockierte die Kette das ...<br /><a href="https://website.rc-awr.at/?p=1362" class="_blank pt-cv-readmore btn btn-success" target="_blank">Weiterlesen …</a></div></div></div></div>
<div class="col-md-12 col-sm-12 col-xs-12 pt-cv-content-item pt-cv-2-col" ><div class='pt-cv-ifield'><a href="https://website.rc-awr.at/?p=1353" class="_blank pt-cv-href-thumbnail pt-cv-thumb-left" target="_blank" ><img width="300" height="200" src="https://website.rc-awr.at/wp-content/uploads/2022/11/Wels_02-300x200.jpg" class="pt-cv-thumbnail pull-left" alt="" decoding="async" loading="lazy" srcset="https://website.rc-awr.at/wp-content/uploads/2022/11/Wels_02-300x200.jpg 300w, https://website.rc-awr.at/wp-content/uploads/2022/11/Wels_02-1024x682.jpg 1024w, https://website.rc-awr.at/wp-content/uploads/2022/11/Wels_02-768x512.jpg 768w, https://website.rc-awr.at/wp-content/uploads/2022/11/Wels_02-1536x1023.jpg 1536w, https://website.rc-awr.at/wp-content/uploads/2022/11/Wels_02.jpg 1600w" sizes="(max-width: 300px) 100vw, 300px" /></a>
<div class="pt-cv-colwrap"><h4 class="pt-cv-title"><a href="https://website.rc-awr.at/?p=1353" class="_blank" target="_blank" >Crossrennen Wels</a></h4><div class="pt-cv-content">Nach einer zweiwöchigen Rennpause ging es in Oberösterreich zum Start in die zweite Hälfte der Cyclocross Saison. Am Freizeitgelände bei Wimpassing war ein anspruchsvoller Kurs zu bewältigen und das Wetter an den Tagen zuvor hat die Fahrbedingungen erheblich erschwert. Unter den 70 Teilnehmern nahm vom RC-AWR nur Bernhard Artenjak die ...<br /><a href="https://website.rc-awr.at/?p=1353" class="_blank pt-cv-readmore btn btn-success" target="_blank">Weiterlesen …</a></div></div></div></div>
<div class="col-md-12 col-sm-12 col-xs-12 pt-cv-content-item pt-cv-2-col" ><div class='pt-cv-ifield'><a href="https://website.rc-awr.at/?p=1339" class="_blank pt-cv-href-thumbnail pt-cv-thumb-left" target="_blank" ><img width="300" height="200" src="https://website.rc-awr.at/wp-content/uploads/2022/11/312466128_568567781936227_6298493704855603941_n-300x200.jpg" class="pt-cv-thumbnail pull-left" alt="" decoding="async" loading="lazy" srcset="https://website.rc-awr.at/wp-content/uploads/2022/11/312466128_568567781936227_6298493704855603941_n-300x200.jpg 300w, https://website.rc-awr.at/wp-content/uploads/2022/11/312466128_568567781936227_6298493704855603941_n-1024x683.jpg 1024w, https://website.rc-awr.at/wp-content/uploads/2022/11/312466128_568567781936227_6298493704855603941_n-768x512.jpg 768w, https://website.rc-awr.at/wp-content/uploads/2022/11/312466128_568567781936227_6298493704855603941_n-1536x1024.jpg 1536w, https://website.rc-awr.at/wp-content/uploads/2022/11/312466128_568567781936227_6298493704855603941_n.jpg 2048w" sizes="(max-width: 300px) 100vw, 300px" /></a>
<div class="pt-cv-colwrap"><h4 class="pt-cv-title"><a href="https://website.rc-awr.at/?p=1339" class="_blank" target="_blank" >Crossrennen St. Pölten Kaiserwald</a></h4><div class="pt-cv-content">Am 30.10.2022 fand in St.Pölten das Querfeldein Trainingsrennen im Kaiserwald statt. In Wien noch Nebel aber in St. Pölten schönes Wetter. Wenigstens ein netter Abschluss der nun schon sehr langen, anstregenden Saison. Das Rennen diesmal vom Parcour her etwas anders als das Kraftwerkscross. Die Kurssetzer fanden viele Kurven auf den ...<br /><a href="https://website.rc-awr.at/?p=1339" class="_blank pt-cv-readmore btn btn-success" target="_blank">Weiterlesen …</a></div></div></div></div>
<div class="col-md-12 col-sm-12 col-xs-12 pt-cv-content-item pt-cv-2-col" ><div class='pt-cv-ifield'><a href="https://website.rc-awr.at/?p=1309" class="_blank pt-cv-href-thumbnail pt-cv-thumb-left" target="_blank" ><img width="300" height="200" src="https://website.rc-awr.at/wp-content/uploads/2022/10/KWXso_05-300x200.jpg" class="pt-cv-thumbnail pull-left" alt="" decoding="async" loading="lazy" srcset="https://website.rc-awr.at/wp-content/uploads/2022/10/KWXso_05-300x200.jpg 300w, https://website.rc-awr.at/wp-content/uploads/2022/10/KWXso_05-1024x683.jpg 1024w, https://website.rc-awr.at/wp-content/uploads/2022/10/KWXso_05-768x512.jpg 768w, https://website.rc-awr.at/wp-content/uploads/2022/10/KWXso_05-1536x1024.jpg 1536w, https://website.rc-awr.at/wp-content/uploads/2022/10/KWXso_05.jpg 1600w" sizes="(max-width: 300px) 100vw, 300px" /></a>
<div class="pt-cv-colwrap"><h4 class="pt-cv-title"><a href="https://website.rc-awr.at/?p=1309" class="_blank" target="_blank" >Kraftwerkscross 2022</a></h4><div class="pt-cv-content">Unser gf. Obmann Josef Meyer läßt das anstrengende Wochenende des diesjährigen Kraftwerkscross Revue passieren: Das KWX Wochenende habe ich von unterschiedlichen Seiten erlebt, hier meine Eindrücke: Als VERANSTALTER beim Aufbau der Strecke, vom Anzeichnen, Stecken setzen, Absperrbänder spannen, Gitter aufstellen, Transparente platzieren und die Infrastruktur aufbauen. Als ZUSEHER am Samstag, ...<br /><a href="https://website.rc-awr.at/?p=1309" class="_blank pt-cv-readmore btn btn-success" target="_blank">Weiterlesen …</a></div></div></div></div>
<div class="col-md-12 col-sm-12 col-xs-12 pt-cv-content-item pt-cv-2-col" ><div class='pt-cv-ifield'><a href="https://website.rc-awr.at/?p=1305" class="_blank pt-cv-href-thumbnail pt-cv-thumb-left" target="_blank" ><img width="300" height="200" src="https://website.rc-awr.at/wp-content/uploads/2022/10/KWXs_01-300x200.jpg" class="pt-cv-thumbnail pull-left" alt="" decoding="async" loading="lazy" srcset="https://website.rc-awr.at/wp-content/uploads/2022/10/KWXs_01-300x200.jpg 300w, https://website.rc-awr.at/wp-content/uploads/2022/10/KWXs_01-1024x683.jpg 1024w, https://website.rc-awr.at/wp-content/uploads/2022/10/KWXs_01-768x512.jpg 768w, https://website.rc-awr.at/wp-content/uploads/2022/10/KWXs_01-1536x1024.jpg 1536w, https://website.rc-awr.at/wp-content/uploads/2022/10/KWXs_01.jpg 1600w" sizes="(max-width: 300px) 100vw, 300px" /></a>
<div class="pt-cv-colwrap"><h4 class="pt-cv-title"><a href="https://website.rc-awr.at/?p=1305" class="_blank" target="_blank" >AWR KM 2022 Finale &#8211; Crossrennen</a></h4><div class="pt-cv-content">Nach zwei anstrengen Tagen für das Aufbauteam des Kraftwerkscross 2022 wurde am Freitag, den 21.10. um 15:30 das letzte Rennen der diesjährigen Klubmeisterschaft gestartet. Diesmal hielt sich die Teilnehmerschar leider wieder in Grenzen. Sechs Herren und eine Dame nahmen den von Richard gestecktem Parcours in Angriff. Der auch als Probegalopp ...<br /><a href="https://website.rc-awr.at/?p=1305" class="_blank pt-cv-readmore btn btn-success" target="_blank">Weiterlesen …</a></div></div></div></div></div></div>
<div class=" pt-cv-pagination-wrapper"><ul class="pt-cv-pagination pt-cv-ajax pagination" data-totalpages="19" data-currentpage="1" data-sid="8ff2af9ixd" data-unid=""><li class="active"><a href="#">1</a></li>
	<li ><a class="" href="https://website.rc-awr.at/index.php/?_page=2&#038;rest_route=%2Fwp%2Fv2%2Fpages%2F67">2</a></li>
	<li ><a class="" href="https://website.rc-awr.at/index.php/?_page=3&#038;rest_route=%2Fwp%2Fv2%2Fpages%2F67">3</a></li>
	<li ><a href="#">&hellip;</a></li>
	<li ><a class="" href="https://website.rc-awr.at/index.php/?_page=19&#038;rest_route=%2Fwp%2Fv2%2Fpages%2F67">19</a></li>
	<li ><a class=" " href="https://website.rc-awr.at/index.php/?_page=2&#038;rest_route=%2Fwp%2Fv2%2Fpages%2F67">&rsaquo;</a></li>
	</ul><img width="15" height="15" class="pt-cv-spinner" alt="Wird geladen..." src="data:image/gif;base64,R0lGODlhDwAPALMPAMrKygwMDJOTkz09PZWVla+vr3p6euTk5M7OzuXl5TMzMwAAAJmZmWZmZszMzP///yH/C05FVFNDQVBFMi4wAwEAAAAh+QQFCgAPACwAAAAADwAPAAAEQvDJaZaZOIcV8iQK8VRX4iTYoAwZ4iCYoAjZ4RxejhVNoT+mRGP4cyF4Pp0N98sBGIBMEMOotl6YZ3S61Bmbkm4mAgAh+QQFCgAPACwAAAAADQANAAAENPDJSRSZeA418itN8QiK8BiLITVsFiyBBIoYqnoewAD4xPw9iY4XLGYSjkQR4UAUD45DLwIAIfkEBQoADwAsAAAAAA8ACQAABC/wyVlamTi3nSdgwFNdhEJgTJoNyoB9ISYoQmdjiZPcj7EYCAeCF1gEDo4Dz2eIAAAh+QQFCgAPACwCAAAADQANAAAEM/DJBxiYeLKdX3IJZT1FU0iIg2RNKx3OkZVnZ98ToRD4MyiDnkAh6BkNC0MvsAj0kMpHBAAh+QQFCgAPACwGAAAACQAPAAAEMDC59KpFDll73HkAA2wVY5KgiK5b0RRoI6MuzG6EQqCDMlSGheEhUAgqgUUAFRySIgAh+QQFCgAPACwCAAIADQANAAAEM/DJKZNLND/kkKaHc3xk+QAMYDKsiaqmZCxGVjSFFCxB1vwy2oOgIDxuucxAMTAJFAJNBAAh+QQFCgAPACwAAAYADwAJAAAEMNAs86q1yaWwwv2Ig0jUZx3OYa4XoRAfwADXoAwfo1+CIjyFRuEho60aSNYlOPxEAAAh+QQFCgAPACwAAAIADQANAAAENPA9s4y8+IUVcqaWJ4qEQozSoAzoIyhCK2NFU2SJk0hNnyEOhKR2AzAAj4Pj4GE4W0bkJQIAOw==" /><div class="clear pt-cv-clear-pagination"></div></div></div>
