{"id":85,"date":"2020-11-02T22:17:06","date_gmt":"2020-11-02T21:17:06","guid":{"rendered":"http:\/\/e108046.easyhosting.at\/?page_id=85"},"modified":"2020-11-02T22:17:06","modified_gmt":"2020-11-02T21:17:06","slug":"geschichte-erfolge","status":"publish","type":"page","link":"https:\/\/website.rc-awr.at\/?page_id=85","title":{"rendered":"Geschichte &#038; Erfolge"},"content":{"rendered":"<div class=\"editor-entry\">\n<p>Der Radclub <strong>ARB\u00d6 Wienenergie R\u00f6hsler&amp;CO<\/strong> entstand unter diesem Namen im Jahr 2012 aus einer Fusion des ehemaligen <strong>ARB\u00d6 E-Werk<\/strong> (unter der Leitung des Wr. Verbandspr\u00e4sidenten Herbert Kocher) und der Sektion Radsport der Kultur \u2013 und Sportvereinigung Wienstrom.<\/p>\n<p>Die Urspr\u00fcnge des Klubs liegen bereits in den Jahren vor dem zweiten Weltkrieg und waren von Beginn mit beachtlichen Erfolgen der damaligen Leistungstr\u00e4ger verbunden. Viele Landes- aber auch \u00f6sterr. Meistertitel konnten in dieser Zeit von den Akteuren errungen werden.<\/p>\n<p>Das einst ber\u00fchmte Radrennen Wien-Gresten-Wien wurde in den Nachkriegsjahren erstmals vom Klub organisiert und ging in dieser Zeit\u00a0 haupts\u00e4chlich als \u201eSchmugglerfahrt\u201c in die Geschichte ein.<\/p>\n<p>Desweiteren trat der Klub vor allem bei der Mitorganisation der \u00d6sterreich-Radrundfahrt in Erscheinung.<\/p>\n<p>Verdienstvolle Fahrer vergangener Tage waren mitunter Franz D\u00f6gl, Norbert Hager, Christian Csenar, Karl Zouplna, die Gebr\u00fcder Lauscha sowie ab den Achtziger Jahren\u00a0 \u2013 Ernst Ohnmacht, Ralf Scherzer und Sascha Ziernfu\u00df.<\/p>\n<p>Ab 2003 fand\u00a0 unter der Leitung von Helmut Hauer und Alex Apflauer die Wiederbelebung der <strong>Sektion Radsport der Wiener E-Werke<\/strong> statt. Auch hier gab es in den letzten 10 Jahren mehrere Meistertitel in diversen Leistungsklassen sowie Medaillen bei Senioren bzw. Hobby-Weltmeisterschaften zu verbuchen.<\/p>\n<p>Als Veranstalter wurde unser Klub mit vielen Veranstaltungen, vor allem aber mit der legend\u00e4ren <strong>\u201eTOUR DE FRITZ<\/strong>\u201c im Jahr 2008, in Radsportkreisen bekannt.<\/p>\n<p>In der j\u00fcngeren Neuzeit richtete der Verein im Jahr 2014 die \u201e\u00d6sterreichische Meisterschaft im Paarzeitfahren\u201c aus.<\/p>\n<p>Im Jahr 2015 wurde seit langer Zeit wieder einmal eine Wiener Meisterschaft im Einzelzeitfahren durchgef\u00fchrt. F\u00fcnf unserer Fahrer konnten sich auf den Podiumspl\u00e4tzen feiern lassen.<\/p>\n<p>2016 wurde das Kahlenberg-Rennen von Kosterneuburg \u00fcber die H\u00f6henstrasse wiederbelebt. Unter dem Motto \u201eSchlag den Star\u201c hatten die Teilnehmer die M\u00f6glichkeit, gegen eine von Paraolympics-Teilnehmer Wolfgang Eibeck vorgegebene Zeit anzutreten.<\/p>\n<p>Am 17. Dezember 2017 wurde das erste von unserem Radclub veranstaltete Querfeldeinrennen im Kraftwerk Donaustadt gestartet. Eine Reihe von Starts f\u00fcr die verschiedenen Klassen von Nachwuchs \u00fcber Damen bis zu den Masters zog eine Vielzahl von Teilnehmern in die Lobau, war dieser Renntag doch auch gleichzeitig Abschluss des Wiener Quercups.<br \/>\nAuf Grund dieser erfolgreichen Veranstaltung hatte der Verein die Ehre und gleichzeitig m\u00fchevolle Aufgabe, die \u00d6sterreichischen Meisterschaften im Cyclocross 2019 auszutragen. Mit einem Rekordteilnehmerfeld am Kraftwerksgel\u00e4nde durfte sich Nadja Heigl bei den Damen und Gregor Ragl bei den Herren als \u00d6sterreichische Staatsmeister kr\u00f6nen lassen.<\/p>\n<\/div>\n","protected":false},"excerpt":{"rendered":"<p>Der Radclub ARB&Ouml; Wienenergie R&ouml;hsler&amp;CO entstand unter diesem Namen im Jahr 2012 aus einer Fusion des ehemaligen ARB&Ouml; E-Werk (unter der Leitung des Wr. Verbandspr&auml;sidenten Herbert Kocher) und der Sektion<\/p>\n","protected":false},"author":1,"featured_media":0,"parent":79,"menu_order":0,"comment_status":"closed","ping_status":"closed","template":"","meta":[],"_links":{"self":[{"href":"https:\/\/website.rc-awr.at\/index.php?rest_route=\/wp\/v2\/pages\/85"}],"collection":[{"href":"https:\/\/website.rc-awr.at\/index.php?rest_route=\/wp\/v2\/pages"}],"about":[{"href":"https:\/\/website.rc-awr.at\/index.php?rest_route=\/wp\/v2\/types\/page"}],"author":[{"embeddable":true,"href":"https:\/\/website.rc-awr.at\/index.php?rest_route=\/wp\/v2\/users\/1"}],"replies":[{"embeddable":true,"href":"https:\/\/website.rc-awr.at\/index.php?rest_route=%2Fwp%2Fv2%2Fcomments&post=85"}],"version-history":[{"count":0,"href":"https:\/\/website.rc-awr.at\/index.php?rest_route=\/wp\/v2\/pages\/85\/revisions"}],"up":[{"embeddable":true,"href":"https:\/\/website.rc-awr.at\/index.php?rest_route=\/wp\/v2\/pages\/79"}],"wp:attachment":[{"href":"https:\/\/website.rc-awr.at\/index.php?rest_route=%2Fwp%2Fv2%2Fmedia&parent=85"}],"curies":[{"name":"wp","href":"https:\/\/api.w.org\/{rel}","templated":true}]}}