{"id":89,"date":"2020-11-02T22:28:54","date_gmt":"2020-11-02T21:28:54","guid":{"rendered":"http:\/\/e108046.easyhosting.at\/?page_id=89"},"modified":"2022-04-06T20:02:16","modified_gmt":"2022-04-06T18:02:16","slug":"partner-sponsoren","status":"publish","type":"page","link":"https:\/\/website.rc-awr.at\/?page_id=89","title":{"rendered":"Partner &#038; Sponsoren"},"content":{"rendered":"<p>Ein ambitionierter Verein wie der RC ARB\u00d6 Wienenergie R\u00f6hsler&amp;Co bedarf es eines dichten Netzes an sportbegeisterten ehrenamtlichen und engagierten Mitgliedern, sowie auch der finanziellen Unterst\u00fctzung interessierter Sponsoren. Gl\u00fccklicherweise k\u00f6nnen wir uns auf treue und verl\u00e4ssliche Partner verlassen.<\/p>\n<p><a href=\"https:\/\/www.roe.at\/\" target=\"_blank\" rel=\"noopener noreferrer\"><img decoding=\"async\" loading=\"lazy\" class=\"alignnone wp-image-183\" src=\"http:\/\/rc-awr.at\/wp-content\/uploads\/2020\/11\/Roehsler-Logo.png\" alt=\"\" width=\"315\" height=\"75\" srcset=\"https:\/\/website.rc-awr.at\/wp-content\/uploads\/2020\/11\/Roehsler-Logo.png 643w, https:\/\/website.rc-awr.at\/wp-content\/uploads\/2020\/11\/Roehsler-Logo-300x71.png 300w\" sizes=\"(max-width: 315px) 100vw, 315px\" \/><\/a><a href=\"https:\/\/www.wienenergie.at\/\" target=\"_blank\" rel=\"noopener noreferrer\"> \u00a0 <img decoding=\"async\" loading=\"lazy\" class=\"alignnone wp-image-181\" src=\"http:\/\/rc-awr.at\/wp-content\/uploads\/2020\/11\/KSV_Hauptlogo-neu.png\" alt=\"\" width=\"278\" height=\"75\" srcset=\"https:\/\/website.rc-awr.at\/wp-content\/uploads\/2020\/11\/KSV_Hauptlogo-neu.png 511w, https:\/\/website.rc-awr.at\/wp-content\/uploads\/2020\/11\/KSV_Hauptlogo-neu-300x81.png 300w\" sizes=\"(max-width: 278px) 100vw, 278px\" \/><\/a><a href=\"https:\/\/www.arboe.at\/\" target=\"_blank\" rel=\"noopener noreferrer\"> \u00a0 <img decoding=\"async\" loading=\"lazy\" class=\"alignnone wp-image-179\" src=\"http:\/\/rc-awr.at\/wp-content\/uploads\/2020\/11\/arboe.png\" alt=\"\" width=\"166\" height=\"75\" srcset=\"https:\/\/website.rc-awr.at\/wp-content\/uploads\/2020\/11\/arboe.png 781w, https:\/\/website.rc-awr.at\/wp-content\/uploads\/2020\/11\/arboe-300x135.png 300w, https:\/\/website.rc-awr.at\/wp-content\/uploads\/2020\/11\/arboe-768x346.png 768w\" sizes=\"(max-width: 166px) 100vw, 166px\" \/> \u00a0 <\/a><a href=\"https:\/\/www.profibaustoffe.com\/de\/\" target=\"_blank\" rel=\"noopener noreferrer\"><img decoding=\"async\" loading=\"lazy\" class=\"alignnone wp-image-180\" src=\"http:\/\/rc-awr.at\/wp-content\/uploads\/2020\/11\/BauProfi.png\" alt=\"\" width=\"121\" height=\"75\" srcset=\"https:\/\/website.rc-awr.at\/wp-content\/uploads\/2020\/11\/BauProfi.png 971w, https:\/\/website.rc-awr.at\/wp-content\/uploads\/2020\/11\/BauProfi-300x185.png 300w, https:\/\/website.rc-awr.at\/wp-content\/uploads\/2020\/11\/BauProfi-768x475.png 768w\" sizes=\"(max-width: 121px) 100vw, 121px\" \/><\/a><a href=\"http:\/\/tretwerk.at\"> \u00a0 <img decoding=\"async\" loading=\"lazy\" class=\"alignnone wp-image-178\" src=\"http:\/\/rc-awr.at\/wp-content\/uploads\/2020\/11\/2012.01.24_Tretwer-Logo-300x143.png\" alt=\"\" width=\"158\" height=\"75\" srcset=\"https:\/\/website.rc-awr.at\/wp-content\/uploads\/2020\/11\/2012.01.24_Tretwer-Logo-300x143.png 300w, https:\/\/website.rc-awr.at\/wp-content\/uploads\/2020\/11\/2012.01.24_Tretwer-Logo-768x365.png 768w, https:\/\/website.rc-awr.at\/wp-content\/uploads\/2020\/11\/2012.01.24_Tretwer-Logo.png 982w\" sizes=\"(max-width: 158px) 100vw, 158px\" \/><\/a> <a href=\"http:\/\/www.akzente-personal.at\" target=\"_blank\" rel=\"noopener noreferrer\"><img decoding=\"async\" loading=\"lazy\" class=\"alignnone wp-image-730\" src=\"http:\/\/rc-awr.at\/wp-content\/uploads\/2022\/03\/AKZENTE_Personal_Logo-300x48.png\" alt=\"\" width=\"467\" height=\"75\" srcset=\"https:\/\/website.rc-awr.at\/wp-content\/uploads\/2022\/03\/AKZENTE_Personal_Logo-300x48.png 300w, https:\/\/website.rc-awr.at\/wp-content\/uploads\/2022\/03\/AKZENTE_Personal_Logo.png 567w\" sizes=\"(max-width: 467px) 100vw, 467px\" \/> \u00a0 <\/a><a href=\"https:\/\/chronisch-beste-freunde.de\/\"><img decoding=\"async\" loading=\"lazy\" class=\"alignnone wp-image-731\" src=\"http:\/\/rc-awr.at\/wp-content\/uploads\/2022\/03\/CBF_Podcast_Logo_1-300x300.jpg\" alt=\"\" width=\"75\" height=\"75\" srcset=\"https:\/\/website.rc-awr.at\/wp-content\/uploads\/2022\/03\/CBF_Podcast_Logo_1-300x300.jpg 300w, https:\/\/website.rc-awr.at\/wp-content\/uploads\/2022\/03\/CBF_Podcast_Logo_1-1022x1024.jpg 1022w, https:\/\/website.rc-awr.at\/wp-content\/uploads\/2022\/03\/CBF_Podcast_Logo_1-150x150.jpg 150w, https:\/\/website.rc-awr.at\/wp-content\/uploads\/2022\/03\/CBF_Podcast_Logo_1-768x770.jpg 768w, https:\/\/website.rc-awr.at\/wp-content\/uploads\/2022\/03\/CBF_Podcast_Logo_1.jpg 1325w\" sizes=\"(max-width: 75px) 100vw, 75px\" \/><\/a><\/p>\n<p>&nbsp;<\/p>\n","protected":false},"excerpt":{"rendered":"<p>Ein ambitionierter Verein wie der RC ARB&Ouml; Wienenergie R&ouml;hsler&amp;Co bedarf es eines dichten Netzes an sportbegeisterten ehrenamtlichen und engagierten Mitgliedern, sowie auch der finanziellen Unterst&uuml;tzung interessierter Sponsoren. Gl&uuml;cklicherweise k&ouml;nnen wir<\/p>\n","protected":false},"author":1,"featured_media":0,"parent":0,"menu_order":0,"comment_status":"closed","ping_status":"closed","template":"","meta":[],"_links":{"self":[{"href":"https:\/\/website.rc-awr.at\/index.php?rest_route=\/wp\/v2\/pages\/89"}],"collection":[{"href":"https:\/\/website.rc-awr.at\/index.php?rest_route=\/wp\/v2\/pages"}],"about":[{"href":"https:\/\/website.rc-awr.at\/index.php?rest_route=\/wp\/v2\/types\/page"}],"author":[{"embeddable":true,"href":"https:\/\/website.rc-awr.at\/index.php?rest_route=\/wp\/v2\/users\/1"}],"replies":[{"embeddable":true,"href":"https:\/\/website.rc-awr.at\/index.php?rest_route=%2Fwp%2Fv2%2Fcomments&post=89"}],"version-history":[{"count":7,"href":"https:\/\/website.rc-awr.at\/index.php?rest_route=\/wp\/v2\/pages\/89\/revisions"}],"predecessor-version":[{"id":785,"href":"https:\/\/website.rc-awr.at\/index.php?rest_route=\/wp\/v2\/pages\/89\/revisions\/785"}],"wp:attachment":[{"href":"https:\/\/website.rc-awr.at\/index.php?rest_route=%2Fwp%2Fv2%2Fmedia&parent=89"}],"curies":[{"name":"wp","href":"https:\/\/api.w.org\/{rel}","templated":true}]}}